{"id":542,"date":"2023-03-26T18:45:28","date_gmt":"2023-03-26T15:45:28","guid":{"rendered":"http:\/\/www.kocpalet.com\/?page_id=542"},"modified":"2023-04-02T02:00:25","modified_gmt":"2023-04-01T23:00:25","slug":"piknik-masasi","status":"publish","type":"page","link":"https:\/\/www.kocpalet.com\/index.php\/piknik-masasi\/","title":{"rendered":"Piknik Masas\u0131"},"content":{"rendered":"\t\t<div data-elementor-type=\"wp-page\" data-elementor-id=\"542\" class=\"elementor elementor-542\">\n\t\t\t\t\t\t<section class=\"elementor-section elementor-top-section elementor-element elementor-element-f9022fe elementor-section-stretched elementor-section-boxed elementor-section-height-default elementor-section-height-default\" data-id=\"f9022fe\" data-element_type=\"section\" data-e-type=\"section\" data-settings=\"{&quot;stretch_section&quot;:&quot;section-stretched&quot;}\">\n\t\t\t\t\t\t<div class=\"elementor-container elementor-column-gap-default\">\n\t\t\t\t\t<div class=\"elementor-column elementor-col-100 elementor-top-column elementor-element elementor-element-3a159c9\" data-id=\"3a159c9\" data-element_type=\"column\" data-e-type=\"column\">\n\t\t\t<div class=\"elementor-widget-wrap elementor-element-populated\">\n\t\t\t\t\t\t<div class=\"elementor-element elementor-element-3053de9 elementor-widget elementor-widget-text-editor\" data-id=\"3053de9\" data-element_type=\"widget\" data-e-type=\"widget\" data-widget_type=\"text-editor.default\">\n\t\t\t\t<div class=\"elementor-widget-container\">\n\t\t\t\t\t\t\t\t\t<p>Piknik masalar\u0131, a\u00e7\u0131k havada vakit ge\u00e7irmek ve keyifli bir piknik deneyimi ya\u015famak i\u00e7in olmazsa olmaz bir ekipmand\u0131r. Web sitemizdeki piknik masalar\u0131, y\u00fcksek kaliteli malzemeler kullan\u0131larak \u00fcretilir ve \u00f6zenle i\u015flenir. Her bir masam\u0131z, uzun \u00f6m\u00fcrl\u00fc ve dayan\u0131kl\u0131d\u0131r.<\/p>\n<p>Piknik masalar\u0131m\u0131z, ah\u015fap veya metal se\u00e7enekleriyle sunulur ve m\u00fc\u015fterilerimizin ihtiya\u00e7lar\u0131na uygun olarak \u00f6zelle\u015ftirilebilir. Ayr\u0131ca, farkl\u0131 boyut ve \u015fekillerdeki masalar\u0131m\u0131z, m\u00fc\u015fterilerimizin farkl\u0131 mekan ihtiya\u00e7lar\u0131na uyacak \u015fekilde tasarlanm\u0131\u015ft\u0131r.<\/p>\n<p>Web sitemizdeki piknik masalar\u0131, a\u00e7\u0131k havada yapaca\u011f\u0131n\u0131z piknikler i\u00e7in m\u00fckemmel bir se\u00e7enektir. Bu masalar, aile piknikleri, arkada\u015f bulu\u015fmalar\u0131, bah\u00e7e partileri ve di\u011fer a\u00e7\u0131k hava etkinlikleri i\u00e7in idealdir. Masalar\u0131m\u0131z, kullan\u0131\u015fl\u0131 ve ergonomik bir tasar\u0131ma sahip oldu\u011fu i\u00e7in rahat ve keyifli bir piknik deneyimi sunar.<\/p>\n<p>Web sitemizdeki piknik masalar\u0131, kaliteli ve dayan\u0131kl\u0131 bir se\u00e7enektir. \u00dcr\u00fcnlerimiz, uzun y\u0131llar boyunca a\u00e7\u0131k havada kullan\u0131ma dayanacak \u015fekilde tasarlanm\u0131\u015ft\u0131r. \u00dcr\u00fcnlerimizi se\u00e7erek, a\u00e7\u0131k havada keyifli bir piknik deneyimi ya\u015fayabilirsiniz.<\/p>\n<p>Bug\u00fcn web sitemizden bir piknik masas\u0131 sat\u0131n al\u0131n veya m\u00fc\u015fteri temsilcilerimizle ileti\u015fime ge\u00e7erek ihtiya\u00e7lar\u0131n\u0131za uygun bir piknik masas\u0131 tasarlat\u0131n.<\/p>\t\t\t\t\t\t\t\t<\/div>\n\t\t\t\t<\/div>\n\t\t\t\t\t<\/div>\n\t\t<\/div>\n\t\t\t\t\t<\/div>\n\t\t<\/section>\n\t\t\t\t<section class=\"elementor-section elementor-top-section elementor-element elementor-element-b4811e3 elementor-section-stretched elementor-section-boxed elementor-section-height-default elementor-section-height-default\" data-id=\"b4811e3\" data-element_type=\"section\" data-e-type=\"section\" data-settings=\"{&quot;stretch_section&quot;:&quot;section-stretched&quot;}\">\n\t\t\t\t\t\t<div class=\"elementor-container elementor-column-gap-default\">\n\t\t\t\t\t<div class=\"elementor-column elementor-col-100 elementor-top-column elementor-element elementor-element-e761da9\" data-id=\"e761da9\" data-element_type=\"column\" data-e-type=\"column\">\n\t\t\t<div class=\"elementor-widget-wrap elementor-element-populated\">\n\t\t\t\t\t\t<div class=\"elementor-element elementor-element-256f85e elementor-invisible elementor-widget elementor-widget-image-gallery\" data-id=\"256f85e\" data-element_type=\"widget\" data-e-type=\"widget\" data-settings=\"{&quot;_animation&quot;:&quot;slideInUp&quot;}\" data-widget_type=\"image-gallery.default\">\n\t\t\t\t<div class=\"elementor-widget-container\">\n\t\t\t\t\t\t\t<div class=\"elementor-image-gallery\">\n\t\t\t<div id='gallery-1' class='gallery galleryid-542 gallery-columns-3 gallery-size-bizberg_blog_list_no_sidebar_1'><figure class='gallery-item'>\n\t\t\t<div class='gallery-icon landscape'>\n\t\t\t\t<a data-elementor-open-lightbox=\"yes\" data-elementor-lightbox-slideshow=\"256f85e\" data-elementor-lightbox-title=\"20220115_172930\" data-e-action-hash=\"#elementor-action%3Aaction%3Dlightbox%26settings%3DeyJpZCI6NTQzLCJ1cmwiOiJodHRwczpcL1wvd3d3LmtvY3BhbGV0LmNvbVwvd3AtY29udGVudFwvdXBsb2Fkc1wvMjAyM1wvMDNcLzIwMjIwMTE1XzE3MjkzMC1zY2FsZWQuanBnIiwic2xpZGVzaG93IjoiMjU2Zjg1ZSJ9\" href='https:\/\/www.kocpalet.com\/wp-content\/uploads\/2023\/03\/20220115_172930-scaled.jpg'><img decoding=\"async\" width=\"220\" height=\"190\" src=\"https:\/\/www.kocpalet.com\/wp-content\/uploads\/2023\/03\/20220115_172930-220x190.jpg\" class=\"attachment-bizberg_blog_list_no_sidebar_1 size-bizberg_blog_list_no_sidebar_1\" alt=\"\" \/><\/a>\n\t\t\t<\/div><\/figure><figure class='gallery-item'>\n\t\t\t<div class='gallery-icon portrait'>\n\t\t\t\t<a data-elementor-open-lightbox=\"yes\" data-elementor-lightbox-slideshow=\"256f85e\" data-elementor-lightbox-title=\"20210828_120921\" data-e-action-hash=\"#elementor-action%3Aaction%3Dlightbox%26settings%3DeyJpZCI6NTQ0LCJ1cmwiOiJodHRwczpcL1wvd3d3LmtvY3BhbGV0LmNvbVwvd3AtY29udGVudFwvdXBsb2Fkc1wvMjAyM1wvMDNcLzIwMjEwODI4XzEyMDkyMS1zY2FsZWQuanBnIiwic2xpZGVzaG93IjoiMjU2Zjg1ZSJ9\" href='https:\/\/www.kocpalet.com\/wp-content\/uploads\/2023\/03\/20210828_120921-scaled.jpg'><img decoding=\"async\" width=\"220\" height=\"190\" src=\"https:\/\/www.kocpalet.com\/wp-content\/uploads\/2023\/03\/20210828_120921-220x190.jpg\" class=\"attachment-bizberg_blog_list_no_sidebar_1 size-bizberg_blog_list_no_sidebar_1\" alt=\"\" \/><\/a>\n\t\t\t<\/div><\/figure><figure class='gallery-item'>\n\t\t\t<div class='gallery-icon landscape'>\n\t\t\t\t<a data-elementor-open-lightbox=\"yes\" data-elementor-lightbox-slideshow=\"256f85e\" data-elementor-lightbox-title=\"20210901_193339\" data-e-action-hash=\"#elementor-action%3Aaction%3Dlightbox%26settings%3DeyJpZCI6NTQ1LCJ1cmwiOiJodHRwczpcL1wvd3d3LmtvY3BhbGV0LmNvbVwvd3AtY29udGVudFwvdXBsb2Fkc1wvMjAyM1wvMDNcLzIwMjEwOTAxXzE5MzMzOS1zY2FsZWQuanBnIiwic2xpZGVzaG93IjoiMjU2Zjg1ZSJ9\" href='https:\/\/www.kocpalet.com\/wp-content\/uploads\/2023\/03\/20210901_193339-scaled.jpg'><img decoding=\"async\" width=\"220\" height=\"190\" src=\"https:\/\/www.kocpalet.com\/wp-content\/uploads\/2023\/03\/20210901_193339-220x190.jpg\" class=\"attachment-bizberg_blog_list_no_sidebar_1 size-bizberg_blog_list_no_sidebar_1\" alt=\"\" \/><\/a>\n\t\t\t<\/div><\/figure><figure class='gallery-item'>\n\t\t\t<div class='gallery-icon landscape'>\n\t\t\t\t<a data-elementor-open-lightbox=\"yes\" data-elementor-lightbox-slideshow=\"256f85e\" data-elementor-lightbox-title=\"Exif_JPEG_420\" data-e-action-hash=\"#elementor-action%3Aaction%3Dlightbox%26settings%3DeyJpZCI6NTQ2LCJ1cmwiOiJodHRwczpcL1wvd3d3LmtvY3BhbGV0LmNvbVwvd3AtY29udGVudFwvdXBsb2Fkc1wvMjAyM1wvMDNcL0lNR18yMDIyMDcyM18xNzEyNTQtc2NhbGVkLmpwZyIsInNsaWRlc2hvdyI6IjI1NmY4NWUifQ%3D%3D\" href='https:\/\/www.kocpalet.com\/wp-content\/uploads\/2023\/03\/IMG_20220723_171254-scaled.jpg'><img loading=\"lazy\" decoding=\"async\" width=\"220\" height=\"190\" src=\"https:\/\/www.kocpalet.com\/wp-content\/uploads\/2023\/03\/IMG_20220723_171254-220x190.jpg\" class=\"attachment-bizberg_blog_list_no_sidebar_1 size-bizberg_blog_list_no_sidebar_1\" alt=\"\" \/><\/a>\n\t\t\t<\/div><\/figure><figure class='gallery-item'>\n\t\t\t<div class='gallery-icon landscape'>\n\t\t\t\t<a data-elementor-open-lightbox=\"yes\" data-elementor-lightbox-slideshow=\"256f85e\" data-elementor-lightbox-title=\"Exif_JPEG_420\" data-e-action-hash=\"#elementor-action%3Aaction%3Dlightbox%26settings%3DeyJpZCI6NTQ3LCJ1cmwiOiJodHRwczpcL1wvd3d3LmtvY3BhbGV0LmNvbVwvd3AtY29udGVudFwvdXBsb2Fkc1wvMjAyM1wvMDNcL0lNR18yMDIyMDcyM18xODQ5MDAtc2NhbGVkLmpwZyIsInNsaWRlc2hvdyI6IjI1NmY4NWUifQ%3D%3D\" href='https:\/\/www.kocpalet.com\/wp-content\/uploads\/2023\/03\/IMG_20220723_184900-scaled.jpg'><img loading=\"lazy\" decoding=\"async\" width=\"220\" height=\"190\" src=\"https:\/\/www.kocpalet.com\/wp-content\/uploads\/2023\/03\/IMG_20220723_184900-220x190.jpg\" class=\"attachment-bizberg_blog_list_no_sidebar_1 size-bizberg_blog_list_no_sidebar_1\" alt=\"\" \/><\/a>\n\t\t\t<\/div><\/figure><figure class='gallery-item'>\n\t\t\t<div class='gallery-icon landscape'>\n\t\t\t\t<a data-elementor-open-lightbox=\"yes\" data-elementor-lightbox-slideshow=\"256f85e\" data-elementor-lightbox-title=\"20210901_193339\" data-e-action-hash=\"#elementor-action%3Aaction%3Dlightbox%26settings%3DeyJpZCI6NTczLCJ1cmwiOiJodHRwczpcL1wvd3d3LmtvY3BhbGV0LmNvbVwvd3AtY29udGVudFwvdXBsb2Fkc1wvMjAyM1wvMDNcLzIwMjEwOTAxXzE5MzMzOS0xLXNjYWxlZC5qcGciLCJzbGlkZXNob3ciOiIyNTZmODVlIn0%3D\" href='https:\/\/www.kocpalet.com\/wp-content\/uploads\/2023\/03\/20210901_193339-1-scaled.jpg'><img loading=\"lazy\" decoding=\"async\" width=\"220\" height=\"190\" src=\"https:\/\/www.kocpalet.com\/wp-content\/uploads\/2023\/03\/20210901_193339-1-220x190.jpg\" class=\"attachment-bizberg_blog_list_no_sidebar_1 size-bizberg_blog_list_no_sidebar_1\" alt=\"\" \/><\/a>\n\t\t\t<\/div><\/figure>\n\t\t<\/div>\n\t\t<\/div>\n\t\t\t\t\t\t<\/div>\n\t\t\t\t<\/div>\n\t\t\t\t\t<\/div>\n\t\t<\/div>\n\t\t\t\t\t<\/div>\n\t\t<\/section>\n\t\t\t\t<\/div>\n\t\t","protected":false},"excerpt":{"rendered":"<p>Piknik masalar\u0131, a\u00e7\u0131k havada vakit ge\u00e7irmek ve keyifli bir piknik deneyimi ya\u015famak i\u00e7in olmazsa olmaz bir ekipmand\u0131r. Web sitemizdeki piknik masalar\u0131, y\u00fcksek kaliteli malzemeler kullan\u0131larak \u00fcretilir ve \u00f6zenle i\u015flenir. Her bir masam\u0131z, uzun \u00f6m\u00fcrl\u00fc ve dayan\u0131kl\u0131d\u0131r. Piknik masalar\u0131m\u0131z, ah\u015fap veya metal se\u00e7enekleriyle sunulur ve m\u00fc\u015fterilerimizin ihtiya\u00e7lar\u0131na uygun olarak \u00f6zelle\u015ftirilebilir. Ayr\u0131ca, farkl\u0131 boyut ve \u015fekillerdeki masalar\u0131m\u0131z, m\u00fc\u015fterilerimizin farkl\u0131 mekan ihtiya\u00e7lar\u0131na uyacak [&hellip;]<\/p>\n","protected":false},"author":1,"featured_media":0,"parent":0,"menu_order":0,"comment_status":"closed","ping_status":"closed","template":"","meta":{"_eb_attr":"","_joinchat":[],"footnotes":""},"class_list":["post-542","page","type-page","status-publish","hentry"],"_links":{"self":[{"href":"https:\/\/www.kocpalet.com\/index.php\/wp-json\/wp\/v2\/pages\/542","targetHints":{"allow":["GET"]}}],"collection":[{"href":"https:\/\/www.kocpalet.com\/index.php\/wp-json\/wp\/v2\/pages"}],"about":[{"href":"https:\/\/www.kocpalet.com\/index.php\/wp-json\/wp\/v2\/types\/page"}],"author":[{"embeddable":true,"href":"https:\/\/www.kocpalet.com\/index.php\/wp-json\/wp\/v2\/users\/1"}],"replies":[{"embeddable":true,"href":"https:\/\/www.kocpalet.com\/index.php\/wp-json\/wp\/v2\/comments?post=542"}],"version-history":[{"count":4,"href":"https:\/\/www.kocpalet.com\/index.php\/wp-json\/wp\/v2\/pages\/542\/revisions"}],"predecessor-version":[{"id":699,"href":"https:\/\/www.kocpalet.com\/index.php\/wp-json\/wp\/v2\/pages\/542\/revisions\/699"}],"wp:attachment":[{"href":"https:\/\/www.kocpalet.com\/index.php\/wp-json\/wp\/v2\/media?parent=542"}],"curies":[{"name":"wp","href":"https:\/\/api.w.org\/{rel}","templated":true}]}}