{"id":793,"date":"2023-04-02T21:41:03","date_gmt":"2023-04-02T18:41:03","guid":{"rendered":"https:\/\/www.kocpalet.com\/?page_id=793"},"modified":"2023-04-02T21:42:08","modified_gmt":"2023-04-02T18:42:08","slug":"kedi-kulubesi-2","status":"publish","type":"page","link":"https:\/\/www.kocpalet.com\/index.php\/kedi-kulubesi-2\/","title":{"rendered":"Kedi Kul\u00fcbesi"},"content":{"rendered":"\t\t<div data-elementor-type=\"wp-page\" data-elementor-id=\"793\" class=\"elementor elementor-793\">\n\t\t\t\t\t\t<section class=\"elementor-section elementor-top-section elementor-element elementor-element-62b4342 elementor-section-stretched elementor-section-boxed elementor-section-height-default elementor-section-height-default\" data-id=\"62b4342\" data-element_type=\"section\" data-e-type=\"section\" data-settings=\"{&quot;stretch_section&quot;:&quot;section-stretched&quot;}\">\n\t\t\t\t\t\t<div class=\"elementor-container elementor-column-gap-default\">\n\t\t\t\t\t<div class=\"elementor-column elementor-col-100 elementor-top-column elementor-element elementor-element-172593a\" data-id=\"172593a\" data-element_type=\"column\" data-e-type=\"column\">\n\t\t\t<div class=\"elementor-widget-wrap elementor-element-populated\">\n\t\t\t\t\t\t<div class=\"elementor-element elementor-element-5629cec elementor-widget elementor-widget-text-editor\" data-id=\"5629cec\" data-element_type=\"widget\" data-e-type=\"widget\" data-widget_type=\"text-editor.default\">\n\t\t\t\t<div class=\"elementor-widget-container\">\n\t\t\t\t\t\t\t\t\t<p>Kedileriniz i\u00e7in en rahat ve \u015f\u0131k evlerden biri olan kedi kul\u00fcbelerimiz, ah\u015fap malzemeleri ve \u00f6zel tasar\u0131mlar\u0131 ile evcil hayvanlar\u0131n\u0131z\u0131n keyifle vakit ge\u00e7irece\u011fi yerlerdir. Kedi kul\u00fcbelerimiz, y\u00fcksek kaliteli ah\u015fap malzemeleri kullan\u0131larak \u00fcretilir ve \u00f6zenle i\u015flenir. Her bir kedi kul\u00fcbesi, evcil hayvan\u0131n\u0131z\u0131n uzun s\u00fcre keyifle kullanabilmesi i\u00e7in tasarlanm\u0131\u015ft\u0131r.<\/p><p>Web sitemizdeki kedi kul\u00fcbeleri, farkl\u0131 boyut ve \u015fekillerde mevcuttur ve m\u00fc\u015fterilerimizin ihtiya\u00e7lar\u0131na uyacak \u015fekilde \u00f6zelle\u015ftirilebilirler. Ayr\u0131ca, kul\u00fcbelerimiz, evinizin dekorasyonuna uyum sa\u011flayacak \u015f\u0131k ve modern bir tasar\u0131ma sahiptir.<\/p><p>Kedi kul\u00fcbelerimiz, evcil hayvan\u0131n\u0131z\u0131n sa\u011fl\u0131kl\u0131 ve mutlu kalmas\u0131 i\u00e7in de idealdir. Ah\u015fap malzeme, kedilerinizin do\u011fal b\u00fcy\u00fcme s\u00fcrecine katk\u0131da bulunur ve rahat bir uyku sa\u011flayabilir. Kul\u00fcbelerimiz, evcil hayvan\u0131n\u0131z\u0131n rahat ve g\u00fcvenli hissetmesini sa\u011flamak i\u00e7in tasarlanm\u0131\u015ft\u0131r.<\/p><p>Web sitemizdeki kedi kul\u00fcbeleri, kaliteli ve dayan\u0131kl\u0131 bir se\u00e7enektir. Ah\u015fap malzeme, \u00fcr\u00fcnlerimizi sa\u011flam ve dayan\u0131kl\u0131 hale getirir. \u00dcr\u00fcnlerimiz, evcil hayvanlar\u0131n\u0131z i\u00e7in ideal bir yuva olacakt\u0131r.<\/p><p>Bug\u00fcn web sitemizden bir kedi kul\u00fcbesi sat\u0131n al\u0131n veya m\u00fc\u015fteri temsilcilerimizle ileti\u015fime ge\u00e7erek ihtiya\u00e7lar\u0131n\u0131za uygun bir kedi kul\u00fcbesi tasarlat\u0131n. Kedilerinizin keyifle vakit ge\u00e7irece\u011fi ve rahat edece\u011fi bir ev sa\u011flamak i\u00e7in sizleri de aram\u0131zda g\u00f6rmekten mutluluk duyar\u0131z.<\/p>\t\t\t\t\t\t\t\t<\/div>\n\t\t\t\t<\/div>\n\t\t\t\t\t<\/div>\n\t\t<\/div>\n\t\t\t\t\t<\/div>\n\t\t<\/section>\n\t\t\t\t<section class=\"elementor-section elementor-top-section elementor-element elementor-element-f1ff988 elementor-section-stretched elementor-section-boxed elementor-section-height-default elementor-section-height-default\" data-id=\"f1ff988\" data-element_type=\"section\" data-e-type=\"section\" data-settings=\"{&quot;stretch_section&quot;:&quot;section-stretched&quot;}\">\n\t\t\t\t\t\t<div class=\"elementor-container elementor-column-gap-default\">\n\t\t\t\t\t<div class=\"elementor-column elementor-col-100 elementor-top-column elementor-element elementor-element-916d880\" data-id=\"916d880\" data-element_type=\"column\" data-e-type=\"column\">\n\t\t\t<div class=\"elementor-widget-wrap elementor-element-populated\">\n\t\t\t\t\t\t<div class=\"elementor-element elementor-element-e0ad447 elementor-widget elementor-widget-image-gallery\" data-id=\"e0ad447\" data-element_type=\"widget\" data-e-type=\"widget\" data-widget_type=\"image-gallery.default\">\n\t\t\t\t<div class=\"elementor-widget-container\">\n\t\t\t\t\t\t\t<div class=\"elementor-image-gallery\">\n\t\t\t<div id='gallery-1' class='gallery galleryid-793 gallery-columns-3 gallery-size-bizberg_blog_list_no_sidebar_1'><figure class='gallery-item'>\n\t\t\t<div class='gallery-icon portrait'>\n\t\t\t\t<a data-elementor-open-lightbox=\"yes\" data-elementor-lightbox-slideshow=\"e0ad447\" data-elementor-lightbox-title=\"20161211_174742\" data-e-action-hash=\"#elementor-action%3Aaction%3Dlightbox%26settings%3DeyJpZCI6Nzk1LCJ1cmwiOiJodHRwczpcL1wvd3d3LmtvY3BhbGV0LmNvbVwvd3AtY29udGVudFwvdXBsb2Fkc1wvMjAyM1wvMDRcLzIwMTYxMjExXzE3NDc0Mi5qcGciLCJzbGlkZXNob3ciOiJlMGFkNDQ3In0%3D\" href='https:\/\/www.kocpalet.com\/wp-content\/uploads\/2023\/04\/20161211_174742.jpg'><img decoding=\"async\" width=\"220\" height=\"190\" src=\"https:\/\/www.kocpalet.com\/wp-content\/uploads\/2023\/04\/20161211_174742-220x190.jpg\" class=\"attachment-bizberg_blog_list_no_sidebar_1 size-bizberg_blog_list_no_sidebar_1\" alt=\"\" srcset=\"https:\/\/www.kocpalet.com\/wp-content\/uploads\/2023\/04\/20161211_174742-220x190.jpg 220w, https:\/\/www.kocpalet.com\/wp-content\/uploads\/2023\/04\/20161211_174742-464x400.jpg 464w\" sizes=\"(max-width: 220px) 100vw, 220px\" \/><\/a>\n\t\t\t<\/div><\/figure><figure class='gallery-item'>\n\t\t\t<div class='gallery-icon landscape'>\n\t\t\t\t<a data-elementor-open-lightbox=\"yes\" data-elementor-lightbox-slideshow=\"e0ad447\" data-elementor-lightbox-title=\"20171203_165831\" data-e-action-hash=\"#elementor-action%3Aaction%3Dlightbox%26settings%3DeyJpZCI6Nzk2LCJ1cmwiOiJodHRwczpcL1wvd3d3LmtvY3BhbGV0LmNvbVwvd3AtY29udGVudFwvdXBsb2Fkc1wvMjAyM1wvMDRcLzIwMTcxMjAzXzE2NTgzMS5qcGciLCJzbGlkZXNob3ciOiJlMGFkNDQ3In0%3D\" href='https:\/\/www.kocpalet.com\/wp-content\/uploads\/2023\/04\/20171203_165831.jpg'><img decoding=\"async\" width=\"220\" height=\"190\" src=\"https:\/\/www.kocpalet.com\/wp-content\/uploads\/2023\/04\/20171203_165831-220x190.jpg\" class=\"attachment-bizberg_blog_list_no_sidebar_1 size-bizberg_blog_list_no_sidebar_1\" alt=\"\" \/><\/a>\n\t\t\t<\/div><\/figure><figure class='gallery-item'>\n\t\t\t<div class='gallery-icon portrait'>\n\t\t\t\t<a data-elementor-open-lightbox=\"yes\" data-elementor-lightbox-slideshow=\"e0ad447\" data-elementor-lightbox-title=\"kedi ku\u0308lu\u0308besi\" data-e-action-hash=\"#elementor-action%3Aaction%3Dlightbox%26settings%3DeyJpZCI6Nzk3LCJ1cmwiOiJodHRwczpcL1wvd3d3LmtvY3BhbGV0LmNvbVwvd3AtY29udGVudFwvdXBsb2Fkc1wvMjAyM1wvMDRcL2tlZGkta3VsdWJlc2kuanBnIiwic2xpZGVzaG93IjoiZTBhZDQ0NyJ9\" href='https:\/\/www.kocpalet.com\/wp-content\/uploads\/2023\/04\/kedi-kulubesi.jpg'><img decoding=\"async\" width=\"220\" height=\"190\" src=\"https:\/\/www.kocpalet.com\/wp-content\/uploads\/2023\/04\/kedi-kulubesi-220x190.jpg\" class=\"attachment-bizberg_blog_list_no_sidebar_1 size-bizberg_blog_list_no_sidebar_1\" alt=\"\" \/><\/a>\n\t\t\t<\/div><\/figure>\n\t\t<\/div>\n\t\t<\/div>\n\t\t\t\t\t\t<\/div>\n\t\t\t\t<\/div>\n\t\t\t\t\t<\/div>\n\t\t<\/div>\n\t\t\t\t\t<\/div>\n\t\t<\/section>\n\t\t\t\t<\/div>\n\t\t","protected":false},"excerpt":{"rendered":"<p>Kedileriniz i\u00e7in en rahat ve \u015f\u0131k evlerden biri olan kedi kul\u00fcbelerimiz, ah\u015fap malzemeleri ve \u00f6zel tasar\u0131mlar\u0131 ile evcil hayvanlar\u0131n\u0131z\u0131n keyifle vakit ge\u00e7irece\u011fi yerlerdir. Kedi kul\u00fcbelerimiz, y\u00fcksek kaliteli ah\u015fap malzemeleri kullan\u0131larak \u00fcretilir ve \u00f6zenle i\u015flenir. Her bir kedi kul\u00fcbesi, evcil hayvan\u0131n\u0131z\u0131n uzun s\u00fcre keyifle kullanabilmesi i\u00e7in tasarlanm\u0131\u015ft\u0131r. Web sitemizdeki kedi kul\u00fcbeleri, farkl\u0131 boyut ve \u015fekillerde mevcuttur ve m\u00fc\u015fterilerimizin ihtiya\u00e7lar\u0131na uyacak \u015fekilde [&hellip;]<\/p>\n","protected":false},"author":1,"featured_media":0,"parent":0,"menu_order":0,"comment_status":"closed","ping_status":"closed","template":"","meta":{"_eb_attr":"","_joinchat":[],"footnotes":""},"class_list":["post-793","page","type-page","status-publish","hentry"],"_links":{"self":[{"href":"https:\/\/www.kocpalet.com\/index.php\/wp-json\/wp\/v2\/pages\/793","targetHints":{"allow":["GET"]}}],"collection":[{"href":"https:\/\/www.kocpalet.com\/index.php\/wp-json\/wp\/v2\/pages"}],"about":[{"href":"https:\/\/www.kocpalet.com\/index.php\/wp-json\/wp\/v2\/types\/page"}],"author":[{"embeddable":true,"href":"https:\/\/www.kocpalet.com\/index.php\/wp-json\/wp\/v2\/users\/1"}],"replies":[{"embeddable":true,"href":"https:\/\/www.kocpalet.com\/index.php\/wp-json\/wp\/v2\/comments?post=793"}],"version-history":[{"count":4,"href":"https:\/\/www.kocpalet.com\/index.php\/wp-json\/wp\/v2\/pages\/793\/revisions"}],"predecessor-version":[{"id":800,"href":"https:\/\/www.kocpalet.com\/index.php\/wp-json\/wp\/v2\/pages\/793\/revisions\/800"}],"wp:attachment":[{"href":"https:\/\/www.kocpalet.com\/index.php\/wp-json\/wp\/v2\/media?parent=793"}],"curies":[{"name":"wp","href":"https:\/\/api.w.org\/{rel}","templated":true}]}}